2?
-1
2 (base 4) to base 9
2
-1025 (base 6) to base 11
-1a2
What is 10 (base 3) in base 7?
3
12 (base 12) to base 7
20
What is -1210 (base 4) in base 3?
-10201
-4 (base 10) to base 9
-4
What is 11 (base 2) in base 10?
3
What is -133 (base 4) in base 2?
-11111
Convert 11 (base 2) to base 11.
3
What is -d7 (base 14) in base 5?
-1224
-121 (base 3) to base 5
-31
Convert 1 (base 9) to base 13.
1
What is -4 (base 13) in base 12?
-4
What is 102 (base 4) in base 12?
16
-128 (base 9) to base 16
-6b
-10 (base 9) to base 15
-9
What is 11 (base 5) in base 12?
6
What is -2 (base 7) in base 16?
-2
What is 82 (base 12) in base 14?
70
-22 (base 7) to base 2
-10000
What is -60 (base 8) in base 6?
-120
-3 (base 11) to base 9
-3
What is -133 (base 6) in base 8?
-71
Convert -14 (base 6) to base 2.
-1010
131 (base 4) to base 5
104
Convert -191 (base 15) to base 12.
-261
What is 4 (base 6) in base 9?
4
-4 (base 8) to base 12
-4
Convert 6 (base 7) to base 15.
6
1 (base 12) to base 14
1
Convert -6 (base 7) to base 5.
-11
Convert 0 (base 2) to base 16.
0
What is 6 (base 10) in base 2?
110
Convert -1 (base 6) to base 10.
-1
Convert 105 (base 14) to base 4.
3021
Convert -31 (base 4) to base 12.
-11
Convert -3 (base 6) to base 9.
-3
7e (base 15) to base 2
1110111
What is -6 (base 16) in base 14?
-6
What is 30 (base 15) in base 11?
41
Convert 28 (base 13) to base 16.
22
Convert 102 (base 10) to base 14.
74
0 (base 13) to base 15
0
203 (base 7) to base 6
245
35 (base 11) to base 2
100110
Convert 2 (base 10) to base 7.
2
What is -3 (base 5) in base 8?
-3
What is 2 (base 4) in base 3?
2
-3 (base 16) to base 9
-3
What is 0 (base 14) in base 2?
0
1b (base 15) to base 9
28
What is -1 (base 4) in base 13?
-1
What is 124 (base 13) in base 10?
199
Convert 144 (base 7) to base 15.
56
Convert 101 (base 2) to base 12.
5
Convert -12 (base 4) to base 11.
-6
-3 (base 4) to base 2
-11
Convert -3 (base 12) to base 11.
-3
1a6 (base 12) to base 14
154
What is -414 (base 6) in base 5?
-1104
-22 (base 6) to base 4
-32
Convert 30 (base 11) to base 2.
100001
What is -a (base 13) in base 15?
-a
What is -2 (base 4) in base 3?
-2
What is 5 (base 7) in base 4?
11
312 (base 4) to base 15
39
What is -4 (base 12) in base 14?
-4
What is 12 (base 3) in base 8?
5
-8 (base 9) to base 6
-12
Convert 101 (base 3) to base 10.
10
1 (base 7) to base 13
1
1 (base 6) to base 13
1
What is -302 (base 4) in base 5?
-200
-11101010 (base 2) to base 12
-176
What is 33 (base 12) in base 11?
36
-1 (base 13) to base 3
-1
-315 (base 6) to base 4
-1313
-1230 (base 5) to base 10
-190
What is 6 (base 9) in base 10?
6
What is 22212 (base 3) in base 5?
1424
Convert 1 (base 16) to base 15.
1
What is -4 (base 12) in base 5?
-4
-4 (base 10) to base 7
-4
What is -4c (base 15) in base 8?
-110
70 (base 8) to base 11
51
Convert 1110 (base 2) to base 8.
16
What is 404 (base 5) in base 11?
95
Convert 2 (base 14) to base 4.
2
What is -5 (base 16) in base 9?
-5
Convert -244 (base 6) to base 4.
-1210
Convert -31 (base 5) to base 7.
-22
What is 10 (base 2) in base 12?
2
7 (base 16) to base 8
7
Convert -1 (base 11) to base 5.
-1
Convert 0 (base 7) to base 5.
0
What is -1a7 (base 13) in base 3?
-102100
What is 2 (base 5) in base 11?
2
Convert -5 (base 6) to base 9.
-5
-1 (base 7) to base 2
-1
10 (base 2) to base 14
2
Convert 1101 (base 3) to base 13.
2b
1 (base 11) to base 16
1
Convert 2 (base 11) to base 6.
2
What is -3 (base 5) in base 2?
-11
Convert -10 (base 8) to base 6.
-12
What is -240 (base 6) in base 15?
-66
What is -3 (base 14) in base 5?
-3
What is 8 (base 11) in base 9?
8
Convert 3 (base 10) to base 7.
3
What is -22 (base 10) in base 9?
-24
Convert 6 (base 7) to base 14.
6
What is b (base 16) in base 13?
b
What is -133 (base 5) in base 11?
-3a
14 (base 9) to base 4
31
Convert -7 (base 12) to base 11.
-7
41 (base 13) to base 8
65
What is 43 (base 5) in base 13?
1a
-37 (base 8) to base 10
-31
What is -1 (base 4) in base 11?
-1
1 (base 7) to base 3
1
111 (base 2) to base 6
11
-13 (base 5) to base 6
-12
Convert 3 (base 5) to base 3.
10
2c (base 15) to base 5
132
What is 42 (base 16) in base 4?
1002
-d (base 16) to base 3
-111
Convert 3 (base 16) to base 9.
3
Convert -191 (base 10) to base 14.
-d9
Convert 1100 (base 2) to base 13.
c
Convert d (base 16) to base 9.
14
17 (base 13) to base 15
15
17 (base 8) to base 11
14
10 (base 4) to base 2
100
What is -1101 (base 2) in base 8?
-15
1022 (base 6) to base 4
3212
Convert -110 (base 2) to base 6.
-10
What is -30 (base 4) in base 11?
-11
Convert 40 (base 15) to base 7.
114
What is -1 (base 11) in base 5?
-1
Convert 6 (base 9) to base 16.
6
-5 (base 13) to base 9
-5
Convert 101022 (base 3) to base 13.
185
Convert 8 (base 14) to base 13.
8
Convert -101100110 (base 2) to base 9.
-437
What is 10 (base 6) in base 8?
6
-3 (base 8) to base 5
-3
What is 16 (base 7) in base 14?
d
4 (base 13) to base 9
4
-10 (base 4) to base 12
-4
-102 (base 5) to base 8
-33
Convert -10 (base 9) to base 12.
-9
-1 (base 6) to base 13
-1
Convert -41 (base 16) to base 9.
-72
Convert 6 (base 10) to base 8.
6
-122 (base 6) to base 7
-101
-3 (base 8) to base 3
-10
Convert 0 (base 8) to base 7.
0
Convert -174 (base 11) to base 8.
-312
Convert -111 (base 7) to base 4.
-321
-1100 (base 2) to base 12
-10
-331 (base 11) to base 14
-205
Convert 9 (base 14) to base 5.
14
What is 3 (base 12) in base 5?
3
65 (base 12) to base 13
5c
What is -102 (base 3) in base 9?
-12
Convert -1 (base 5) to base 10.
-1
46 (base 12) to base 15
39
What is 2 (base 4) in base 11?
2
-34 (base 11) to base 2
-100101
Convert -4 (base 12) to base 3.
-11
6 (base 8) to base 11
6
-100111 (base 2) to base 4
-213
Convert 15 (base 10) to base 15.
10
0 (base 13) to base 16
0
Convert 15c (base 13) to base 5.
1441
-11000 (base 2) to base 3
-220
10 (base 2) to base 4
2
Convert -3 (base 5) to base 11.
-3
Convert 212 (base 8) to base 2.
10001010
What is 1 (base 6) in base 4?
1
What is -5 (base 16) in base 13?
-5
What is 24 (base 5) in base 15?
e
Convert 21 (base 7) to base 14.
11
-111 (base 5) to base 3
-1011
100122 (base 3) to base 10
260
5 (base 16) to base 8
5
-3 (base 5) to base 3
-10
What is 9 (base 11) in base 7?
12
What is 20 (base 4) in base 11?
8
Convert -21 (base 3) to base 10.
-7
Convert -44 (base 15) to base 8.
-100
Convert -2 (base 11) to base 9.
-2
Convert -35 (base 6) to base 2.
-10111
Convert 7 (base 10) to base 14.
7
2 (base 6) to base 16
2
Convert 61 (base 14) to base 3.
10011
Convert -3 (base 8) to base 15.
-3
What is 2 (base 4) in base 3?
2
Convert 142 (base 6) to base 16.
3e
-10 (base 3) to base 4
-3
Convert 1011001 (base 2) to base 5.
324
What is 37 (base 8) in base 15?
21
Convert -2 (base 6) to base 8.
-2
-8 (base 10) to base 14
-8
Convert -6 (base 14) to base 6.
-10
-4 (base 8) to base 12
-4
2 (base 16) to base 14
2
-1110 (base 2) to base 10
-14
What is -80 (base 10) in base 9?
-88
121 (base 3) to base 13
13
2 (base 16) to base 9
2
Convert -1110 (base 2) to base 8.
-16
-63 (base 8) to base 6
-123
Convert -d (base 15) to base 8.
-15
11000010 (base 2) to base 13
11c
0 (base 4) to base 3
0
Convert 0 (base 6) to base 5.
0
Convert 10b (base 12) to base 10.
155
Convert 37 (base 10) to base 14.
29
What is -34 (base 8) in base 12?
-24
What is 2141 (base 5) in base 7?
602
-14 (base 15) to base 4
-103
Convert 0 (base 10) to base 12.
0
What is -2 (base 5) in base 11?
-2
What is 2 (base 15) in base 5?
2
Convert 1 (base 9) to base 3.
1
-24 (base 10) to base 13
-1b
-6 (base 12) to base 11
-6
What is 51 (base 12) in base 10?
61
Convert -20 (base 5) to base 9.
-11
What is 0 (base 4) in base 6?
0
Convert -12 (base 5) to base 12.
-7
13 (base 4) to base 16
7
Convert -141 (base 13) to base 5.
-1342
What is 17 (base 13) in base 5?
40
Convert -1 (base 3) to base 4.
-1
3 (base 5) to base 13
3
169 (base 12) to base 15
100
122 (base 7) to base 10
65
Convert -3 (base 14) to base 2.
-11
What is -11 (base 4) in base 7?
-5
5 (base 12) to base 4
11
What is 101 (base 9) in base 13?
64
What is 100 (base 9) in base 8?
121
Convert 1 (base 6) to base 13.
1
What is -10 (base 8) in base 5?
-13
Convert 12 (base 13) to base 10.
15
13 (base 4) to base 12
7
-1 (base 11) to base 12
-1
Convert 113 (base 6) to base 2.
101101
1 (base 7) to base 6
1
What is 9 (base 13) in base 2?
1001
C